 divided by 437724?
0
Calculate the remainder when 21064387 is divided by 5266090.
27
What is the remainder when 1864 is divided by 1711?
153
Calculate the remainder when 4444890 is divided by 109.
88
Calculate the remainder when 7820912 is divided by 313.
294
What is the remainder when 638113 is divided by 7419?
79
Calculate the remainder when 38179 is divided by 18760.
659
Calculate the remainder when 3786127 is divided by 27.
25
Calculate the remainder when 37464857 is divided by 301.
290
What is the remainder when 1390519 is divided by 198642?
25
What is the remainder when 126147847 is divided by 15?
7
Calculate the remainder when 12019946 is divided by 6009966.
14
Calculate the remainder when 107933 is divided by 21441.
728
Calculate the remainder when 219985 is divided by 651.
598
Calculate the remainder when 14248746 is divided by 625.
621
What is the remainder when 603882 is divided by 447?
432
Calculate the remainder when 1181298 is divided by 103.
94
What is the remainder when 4508825 is divided by 73915?
10
What is the remainder when 8580 is divided by 8275?
305
Calculate the remainder when 1086561 is divided by 77608.
49
What is the remainder when 261838121 is divided by 6704?
6697
Calculate the remainder when 726841 is divided by 2409.
1732
Calculate the remainder when 345428 is divided by 12308.
804
What is the remainder when 674726 is divided by 418?
74
Calculate the remainder when 639565 is divided by 13324.
13
Calculate the remainder when 1126597 is divided by 563269.
59
Calculate the remainder when 37503 is divided by 6240.
63
Calculate the remainder when 378061 is divided by 443.
182
Calculate the remainder when 40083 is divided by 8015.
8
Calculate the remainder when 11386593 is divided by 647.
40
Calculate the remainder when 171061244 is divided by 201.
194
Calculate the remainder when 422357 is divided by 713.
261
Calculate the remainder when 37886 is divided by 7264.
1566
Calculate the remainder when 157617 is divided by 36982.
9689
What is the remainder when 305290 is divided by 305261?
29
What is the remainder when 45856 is divided by 4584?
16
Calculate the remainder when 615873 is divided by 205254.
111
Calculate the remainder when 1113849 is divided by 61.
50
What is the remainder when 9169902 is divided by 34?
0
What is the remainder when 85733 is divided by 6095?
403
Calculate the remainder when 3094047 is divided by 343782.
9
Calculate the remainder when 1200076 is divided by 4563.
7
Calculate the remainder when 1108746 is divided by 138593.
2
Calculate the remainder when 2340479 is divided by 780156.
11
What is the remainder when 746522 is divided by 599?
168
Calculate the remainder when 775302 is divided by 7547.
5508
Calculate the remainder when 85394538 is divided by 1267.
5
What is the remainder when 3107739 is divided by 170?
139
What is the remainder when 317502 is divided by 1126?
1096
What is the remainder when 18632712 is divided by 11?
10
What is the remainder when 106161 is divided by 106084?
77
Calculate the remainder when 10002667 is divided by 14645.
132
What is the remainder when 26038018 is divided by 903?
13
What is the remainder when 95320 is divided by 9600?
8920
What is the remainder when 463639 is divided by 51?
49
What is the remainder when 77104 is divided by 8531?
325
Calculate the remainder when 44854318 is divided by 280.
278
What is the remainder when 32985 is divided by 1006?
793
Calculate the remainder when 6902617 is divided by 11.
7
What is the remainder when 43676 is divided by 101?
44
What is the remainder when 27678818 is divided by 21?
20
What is the remainder when 511665 is divided by 50912?
2545
What is the remainder when 509211 is divided by 1227?
6
What is the remainder when 269470 is divided by 53889?
25
Calculate the remainder when 7575903 is divided by 233.
141
Calculate the remainder when 266453 is divided by 2200.
253
Calculate the remainder when 232817 is divided by 954.
41
What is the remainder when 624282 is divided by 3651?
3612
Calculate the remainder when 2667003 is divided by 606.
603
What is the remainder when 10526019 is divided by 10525773?
246
What is the remainder when 141241 is divided by 6724?
37
What is the remainder when 15204 is divided by 1675?
129
What is the remainder when 1160922 is divided by 3757?
9
What is the remainder when 757839 is divided by 2614?
2393
What is the remainder when 332314 is divided by 854?
108
Calculate the remainder when 2722129 is divided by 5401.
25
What is the remainder when 88031535 is divided by 9781281?
6
What is the remainder when 517166 is divided by 25855?
66
Calculate the remainder when 870050 is divided by 11618.
10318
What is the remainder when 87003 is divided by 412?
71
What is the remainder when 35405467 is divided by 2699?
2684
Calculate the remainder when 1054687 is divided by 3780.
67
Calculate the remainder when 444382 is divided by 333.
160
Calculate the remainder when 677802 is divided by 712.
690
What is the remainder when 131739 is divided by 5431?
1395
What is the remainder when 15731 is divided by 7523?
685
What is the remainder when 146951 is divided by 37?
24
What is the remainder when 2444269 is divided by 1388?
1
What is the remainder when 225126 is divided by 2541?
1518
Calculate the remainder when 360658 is divided by 4100.
3958
Calculate the remainder when 9424745 is divided by 2371.
20
What is the remainder when 244960 is divided by 77?
23
Calculate the remainder when 1471614 is divided by 183946.
46
Calculate the remainder when 405123 is divided by 8259.
432
Calculate the remainder when 21008246 is divided by 10504115.
16
What is the remainder when 5212096 is divided by 147?
64
What is the remainder when 151040292 is divided by 15?
12
What is the remainder when 27041 is divided by 4534?
4371
What is the remainder when 598436 is divided by 4432?
116
Calculate the remainder when 2072847 is divided by 14101.
0
What is the remainder when 164097 is divided by 54550?
447
What is the remainder when 112850495 is divided by 7?
2
Calculate the remainder when 3053498 is divided by 5193.
14
Calculate the remainder when 112612238 is divided by 4264.
4262
Calculate the remainder when 1603940 is divided by 779.
758
Calculate the remainder when 163022 is divided by 1456.
1406
What is the remainder when 9947098 is divided by 1283?
1282
Calculate the remainder when 28263387 is divided by 926.
15
Calculate the remainder when 214000 is divided by 1194.
274
What is the remainder when 12261398 is divided by 25?
23
What is the remainder when 5247919 is divided by 67?
10
What is the remainder when 3639687 is divided by 761?
585
Calculate the remainder when 2099490 is divided by 116638.
6
What is the remainder when 157134461 is divided by 31426886?
31
What is the remainder when 10982079 is divided by 68?
11
Calculate the remainder when 9400 is divided by 1132.
344
What is the remainder when 117523 is divided by 3002?
445
What is the remainder when 456669157 is divided by 5?
2
Calculate the remainder when 5821302 is divided by 278.
260
Calculate the remainder when 2234755 is divided by 24.
19
What is the remainder when 8442030 is divided by 47162?
32
What is the remainder when 3220891 is divided by 168?
163
Calculate the remainder when 685035 is divided by 228342.
9
Calculate the remainder when 1131472 is divided by 226289.
27
What is the remainder when 4586260 is divided by 165?
85
Calculate the remainder when 30955 is divided by 3582.
2299
Calculate the remainder when 1785708 is divided by 151.
133
What is the remainder when 209088 is divided by 1315?
3
What is the remainder when 187113 is divided by 23?
8
What is the remainder when 84510735 is divided by 3354?
3351
Calculate the remainder when 466921 is divided by 116729.
5
What is the remainder when 11596879 is divided by 2373?
28
What is the remainder when 4561935 is divided by 504?
231
Calculate the remainder when 3581266 is divided by 463.
424
Calculate the remainder when 19577 is divided by 307.
236
What is the remainder when 347845 is divided by 38473?
1588
What is the remainder when 7974466 is divided by 98?
10
Calculate the remainder when 3166155 is divided by 380.
375
What is the remainder when 3069392 is divided by 16070?
22
Calculate the remainder wh